n 321 is divided by 9?
6
What is the remainder when 16513 is divided by 46?
45
Calculate the remainder when 466 is divided by 18.
16
What is the remainder when 251 is divided by 75?
26
Calculate the remainder when 839 is divided by 25.
14
What is the remainder when 537 is divided by 36?
33
Calculate the remainder when 48 is divided by 10.
8
Calculate the remainder when 425 is divided by 24.
17
What is the remainder when 69 is divided by 36?
33
What is the remainder when 842 is divided by 13?
10
Calculate the remainder when 6000 is divided by 162.
6
What is the remainder when 810 is divided by 21?
12
Calculate the remainder when 294 is divided by 136.
22
What is the remainder when 410 is divided by 33?
14
Calculate the remainder when 117 is divided by 32.
21
Calculate the remainder when 1155 is divided by 193.
190
Calculate the remainder when 336 is divided by 121.
94
What is the remainder when 744 is divided by 84?
72
What is the remainder when 191 is divided by 64?
63
What is the remainder when 389 is divided by 26?
25
Calculate the remainder when 1080 is divided by 160.
120
Calculate the remainder when 21453 is divided by 298.
295
What is the remainder when 970 is divided by 18?
16
What is the remainder when 331 is divided by 65?
6
Calculate the remainder when 17709 is divided by 246.
243
Calculate the remainder when 462 is divided by 47.
39
Calculate the remainder when 652 is divided by 136.
108
Calculate the remainder when 406 is divided by 122.
40
Calculate the remainder when 470 is divided by 15.
5
What is the remainder when 993 is divided by 14?
13
What is the remainder when 5379 is divided by 20?
19
What is the remainder when 393 is divided by 18?
15
Calculate the remainder when 118 is divided by 22.
8
What is the remainder when 138 is divided by 18?
12
What is the remainder when 231 is divided by 26?
23
What is the remainder when 78 is divided by 40?
38
Calculate the remainder when 1460 is divided by 23.
11
Calculate the remainder when 220 is divided by 58.
46
What is the remainder when 272 is divided by 50?
22
Calculate the remainder when 4505 is divided by 10.
5
Calculate the remainder when 650 is divided by 243.
164
What is the remainder when 692 is divided by 331?
30
Calculate the remainder when 140 is divided by 38.
26
What is the remainder when 89 is divided by 19?
13
Calculate the remainder when 526 is divided by 264.
262
Calculate the remainder when 375 is divided by 74.
5
What is the remainder when 25 is divided by 7?
4
Calculate the remainder when 75573 is divided by 67.
64
What is the remainder when 2354 is divided by 37?
23
Calculate the remainder when 2652 is divided by 9.
6
What is the remainder when 5631 is divided by 32?
31
What is the remainder when 107 is divided by 17?
5
Calculate the remainder when 5950 is divided by 93.
91
Calculate the remainder when 2281 is divided by 14.
13
Calculate the remainder when 7306 is divided by 21.
19
Calculate the remainder when 5593 is divided by 466.
1
Calculate the remainder when 1028 is divided by 49.
48
Calculate the remainder when 29 is divided by 26.
3
Calculate the remainder when 8547 is divided by 171.
168
What is the remainder when 190 is divided by 41?
26
What is the remainder when 2749 is divided by 86?
83
Calculate the remainder when 431 is divided by 14.
11
Calculate the remainder when 1282 is divided by 42.
22
What is the remainder when 20 is divided by 12?
8
What is the remainder when 485 is divided by 54?
53
What is the remainder when 67 is divided by 8?
3
What is the remainder when 9981 is divided by 24?
21
Calculate the remainder when 893 is divided by 60.
53
Calculate the remainder when 1247 is divided by 16.
15
Calculate the remainder when 1409 is divided by 3.
2
Calculate the remainder when 1399 is divided by 173.
15
What is the remainder when 3403 is divided by 213?
208
What is the remainder when 374 is divided by 120?
14
Calculate the remainder when 75 is divided by 20.
15
What is the remainder when 2115 is divided by 22?
3
Calculate the remainder when 142 is divided by 22.
10
Calculate the remainder when 434 is divided by 19.
16
What is the remainder when 509 is divided by 57?
53
Calculate the remainder when 7 is divided by 1.
0
Calculate the remainder when 193 is divided by 62.
7
Calculate the remainder when 2155 is divided by 135.
130
Calculate the remainder when 681 is divided by 62.
61
What is the remainder when 141 is divided by 48?
45
What is the remainder when 1481 is divided by 7?
4
Calculate the remainder when 1361 is divided by 31.
28
Calculate the remainder when 572 is divided by 43.
13
What is the remainder when 171 is divided by 58?
55
What is the remainder when 66 is divided by 34?
32
Calculate the remainder when 398 is divided by 376.
22
What is the remainder when 790 is divided by 24?
22
Calculate the remainder when 37 is divided by 33.
4
Calculate the remainder when 3722 is divided by 73.
72
Calculate the remainder when 341 is divided by 136.
69
Calculate the remainder when 14 is divided by 10.
4
What is the remainder when 218 is divided by 39?
23
Calculate the remainder when 246 is divided by 21.
15
Calculate the remainder when 1509 is divided by 500.
9
What is the remainder when 2240 is divided by 37?
20
What is the remainder when 1720 is divided by 25?
20
What is the remainder when 508 is divided by 123?
16
Calculate the remainder when 200 is divided by 23.
16
What is the remainder when 429 is divided by 72?
69
Calculate the remainder when 949 is divided by 251.
196
Calculate the remainder when 14942 is divided by 94.
90
Calculate the remainder when 338 is divided by 101.
35
Calculate the remainder when 136 is divided by 11.
4
Calculate the remainder when 308 is divided by 31.
29
Calculate the remainder when 125 is divided by 7.
6
Calculate the remainder when 182 is divided by 36.
2
What is the remainder when 217 is divided by 75?
67
What is the remainder when 443 is divided by 127?
62
What is the remainder when 1048 is divided by 357?
334
Calculate the remainder when 79 is divided by 10.
9
What is the remainder when 3158 is divided by 27?
26
Calculate the remainder when 293 is divided by 8.
5
What is the remainder when 353 is divided by 23?
8
What is the remainder when 1391 is divided by 53?
13
What is the remainder when 152 is divided by 32?
24
What is the remainder when 152 is divided by 46?
14
What is the remainder when 610 is divided by 50?
10
Calculate the remainder when 455 is divided by 57.
56
Calculate the remainder when 2107 is divided by 106.
93
What is the remainder when 356 is divided by 53?
38
What is the remainder when 4227 is divided by 236?
215
What is the remainder when 220 is divided by 78?
64
Calculate the remainder when 1123 is divided by 54.
43
Calculate the remainder when 346 is divided by 56.
10
Calculate the remainder when 1345 is divided by 268.
5
Calculate the remainder when 528 is divided by 147.
87
What is the remainder when 145 is divided by 38?
31
What is the remainder when 1070 is divided by 119?
118
Calculate the remainder when 310 is divided by 24.
22
What is the remainder when 137 is divided by 70?
67
Calculate the remainder when 51 is divided by 27.
24
Calculate the remainder when 389 is divided by 98.
95
What is the remainder when 400 is divided by 62?
28
Calculate the remainder when 10706 is divided by 85.
81
Calculate the remainder when 960 is divided by 69.
63
Calculate the remainder when 1467 is divided by 70.
67
Calculate the remainder when 1104 is divided by 534.
36
What is the remainder when 1286 is divided by 15?
11
What is the remainder when 274 is divided by 44?
10
Calculate the remainder when 112 is divided by 50.
12
Calculate the remainder when 1388 is divided by 29.
25
What is the remainder when 47 is divided by 24?
23
Calculate the remainder when 138 is divided by 26.
8
Calculate the remainder when 417 is divided by 40.
17
What is the remainder when 11 is divided by 4?
3
Calculate the remainder when 397 is divided by 198.
1
Calculate the remainder when 13106 is divided by 226.
224
Calculate the remainder when 149 is divided by 8.
5
Calculate the remainder when 844 is divided by 42.
4
Calculate the remainder when 545 is divided by 26.
25
Calculate the remainder when 384 is divided by 3